{"id":977,"date":"2025-10-20T10:13:22","date_gmt":"2025-10-20T08:13:22","guid":{"rendered":"https:\/\/menopause.film\/?page_id=977"},"modified":"2025-10-25T15:15:07","modified_gmt":"2025-10-25T13:15:07","slug":"impressum","status":"publish","type":"page","link":"https:\/\/menopause.film\/index.php\/de\/impressum\/","title":{"rendered":"IMPRESSUM"},"content":{"rendered":"\n<div class=\"wp-block-cover alignfull is-light wp-duotone-unset-1\" style=\"margin-top:0;padding-top:2.5vw;padding-right:5vw;padding-bottom:2.5vw;padding-left:5vw\"><span aria-hidden=\"true\" class=\"wp-block-cover__background has-background-dim-0 has-background-dim has-background-gradient\" style=\"background:linear-gradient(135deg,rgba(4,0,255,0.87) 0%,rgba(4,0,255,0.69) 56%,rgb(109,81,224) 100%)\"><\/span><div class=\"wp-block-cover__inner-container is-layout-flow wp-block-cover-is-layout-flow\">\n<div class=\"wp-block-columns is-layout-flex wp-container-core-columns-is-layout-28f84493 wp-block-columns-is-layout-flex\">\n<div class=\"wp-block-column is-layout-flow wp-block-column-is-layout-flow\">\n<p><strong>Rise And Shine Cinema UG <\/strong><\/p>\n\n\n\n<p>(haftungsbeschr\u00e4nkt)<\/p>\n\n\n\n<p>Wohlers Allee 24a<br>22767 Hamburg<\/p>\n\n\n\n<p>T:&nbsp;030 4737 2980<\/p>\n\n\n\n<p>Gesch\u00e4ftsf\u00fchrer: Stefan Kloos<br>Sitz der Gesellschaft: Hamburg<\/p>\n\n\n\n<p>Handelsregister: Amtsgericht Hamburg,<br>HRB 142735<\/p>\n\n\n\n<p><strong>Vertreten durch:<\/strong><br>Herr Stefan Kloos<\/p>\n\n\n\n<p><strong>Kontakt:<\/strong><br>E-Mail: <a href=\"mailto:info@riseandshine-cinema.de\">info@riseandshine-cinema.de<\/a><\/p>\n\n\n\n<p><strong>Registereintrag:<\/strong><br>Eintragung im Handelsregister.<br>Registergericht:Amtsgericht Hamburg<br>Registernummer: HRB 142735<\/p>\n\n\n\n<p><strong>Umsatzsteuer:<\/strong><br>Umsatzsteuer-Identifikationsnummer gem\u00e4\u00df \u00a727 a Umsatzsteuergesetz:<br>DE 3078 56109<\/p>\n\n\n\n<p><strong>Verantwortlich f\u00fcr den Inhalt nach \u00a7 55 Abs. 2 RStV:<\/strong><br>Stefan Kloos<br>Rise and Shine Cinema UG (haftungsbeschr\u00e4nkt)<br>Wohlers Allee 24a<br>22767 Hamburg<\/p>\n\n\n\n<p><strong>Streitschlichtung<\/strong><br>Wir sind nicht bereit oder verpflichtet, an Streitbeilegungsverfahren vor einer<br>Verbraucherschlichtungsstelle teilzunehmen.<\/p>\n\n\n\n<p><strong>Haftung f\u00fcr Inhalte<\/strong><br>Als Diensteanbieter sind wir gem\u00e4\u00df \u00a7 7 Abs.1 TMG f\u00fcr eigene Inhalte auf diesen Seiten nach den\u00a0allgemeinen<br>Gesetzen verantwortlich. Nach \u00a7\u00a7 8 bis 10 TMG sind wir als Diensteanbieter jedoch nicht\u00a0verpflichtet, \u00fcber-<br>mittelte oder gespeicherte fremde Informationen zu \u00fcberwachen oder nach Umst\u00e4nden zu forschen, die auf<br>eine rechtswidrige T\u00e4tigkeit hinweisen.\u00a0Verpflichtungen zur Entfernung oder Sperrung der Nutzung von<br>Informationen\u00a0nach den allgemeinenGesetzen bleiben hiervon unber\u00fchrt. Eine diesbez\u00fcgliche Haftung ist<br>jedoch erst ab dem Zeitpunkt der\u00a0Kenntnis einer konkreten Rechtsverletzung m\u00f6glich.\u00a0Bei Bekanntwerden von<br>entsprechenden\u00a0Rechtsverletzungen werden wir diese Inhalte umgehend entfernen.<br><br><strong>Haftung f\u00fcr Links<\/strong><br>Unser Angebot enth\u00e4lt Links zu externen Webseiten Dritter, auf deren Inhalte wir keinen Einfluss haben.<br>Deshalb k\u00f6nnen wir f\u00fcr diese fremden Inhalte auch keine Gew\u00e4hr \u00fcbernehmen. F\u00fcr die Inhalte der verlinkten<br>Seiten ist stets der jeweilige Anbieter oder Betreiber der Seiten verantwortlich. Die verlinkten Seiten wurden<br>zum Zeitpunkt der Verlinkung auf m\u00f6gliche Rechtsverst\u00f6\u00dfe \u00fcberpr\u00fcft. Rechtswidrige Inhalte waren zum Zeit-<br>punkt der Verlinkung nicht erkennbar.&nbsp;Eine permanente inhaltliche Kontrolle der verlinkten Seiten ist jedoch<br>ohne konkrete Anhaltspunkte einer&nbsp;Rechtsverletzung nicht zumutbar.Bei Bekanntwerden von Rechtsver-<br>letzungen&nbsp;werden wir&nbsp;derartige Links umgehend entfernen.<\/p>\n\n\n\n<p><strong>Urheberrecht<\/strong><br>Die durch die Seitenbetreiber erstellten Inhalte und Werke auf diesen Seiten unterliegen dem deutschen Ur-<br>heberrecht. Die Vervielf\u00e4ltigung, Bearbeitung, Verbreitung und jede Art der Verwertung au\u00dferhalb der<br>Grenzen des Urheberrechtes bed\u00fcrfen der schriftlichen Zustimmung des jeweiligen Autors bzw. Erstellers.<br>Downloads und Kopien dieser Seite sind nur f\u00fcr den privaten, nicht kommerziellen Gebrauch gestattet.&nbsp;Soweit<br>die Inhalte auf dieser Seite nicht vom Betreiber erstellt wurden, werden die Urheberrechte Dritter&nbsp;beachtet.<br>Insbesondere werden Inhalte Dritter als solche gekennzeichnet. Sollten Sie trotzdem auf eine Urheberrechts-<br>verletzung aufmerksam werden, bitten wir um einen entsprechenden Hinweis. Bei Bekanntwerden von Rechts-<br>verletzungen werden wir derartige Inhalte umgehend entfernen.<\/p>\n\n\n\n<p><strong>Jugendschutzbeauftragter f\u00fcr diesen Online-Dienst:<\/strong><br>Stefan Kloos<br>E-Mail: <a href=\"mailto:info@riseandshine-cinema.de\">info@riseandshine-cinema.de<\/a><\/p>\n\n\n\n<p><strong>Sonstiges:<\/strong><br>Dieses Impressum gilt auch f\u00fcr die Facebookseite <a href=\"https:\/\/www.facebook.com\/riseandshinecinema\">www.facebook.com\/riseandshinecinema<\/a><\/p>\n\n\n\n<p>Verwendung des Impressumsgenerators von e-recht24.de<\/p>\n\n\n\n<p><strong>Webdesign:<\/strong> <a href=\"https:\/\/subtilskurril.com\/aether\/\">\u00e6ther<\/a><\/p>\n<\/div>\n<\/div>\n\n\n\n<div style=\"height:24px\" aria-hidden=\"true\" class=\"wp-block-spacer\"><\/div>\n<\/div><\/div>\n","protected":false},"excerpt":{"rendered":"","protected":false},"author":3,"featured_media":0,"parent":0,"menu_order":0,"comment_status":"closed","ping_status":"closed","template":"","meta":{"footnotes":""},"class_list":["post-977","page","type-page","status-publish","hentry"],"_links":{"self":[{"href":"https:\/\/menopause.film\/index.php\/wp-json\/wp\/v2\/pages\/977","targetHints":{"allow":["GET"]}}],"collection":[{"href":"https:\/\/menopause.film\/index.php\/wp-json\/wp\/v2\/pages"}],"about":[{"href":"https:\/\/menopause.film\/index.php\/wp-json\/wp\/v2\/types\/page"}],"author":[{"embeddable":true,"href":"https:\/\/menopause.film\/index.php\/wp-json\/wp\/v2\/users\/3"}],"replies":[{"embeddable":true,"href":"https:\/\/menopause.film\/index.php\/wp-json\/wp\/v2\/comments?post=977"}],"version-history":[{"count":15,"href":"https:\/\/menopause.film\/index.php\/wp-json\/wp\/v2\/pages\/977\/revisions"}],"predecessor-version":[{"id":1530,"href":"https:\/\/menopause.film\/index.php\/wp-json\/wp\/v2\/pages\/977\/revisions\/1530"}],"wp:attachment":[{"href":"https:\/\/menopause.film\/index.php\/wp-json\/wp\/v2\/media?parent=977"}],"curies":[{"name":"wp","href":"https:\/\/api.w.org\/{rel}","templated":true}]}}