{"id":23,"date":"2025-10-13T12:15:53","date_gmt":"2025-10-13T10:15:53","guid":{"rendered":"https:\/\/menopause.film\/?page_id=23"},"modified":"2025-11-04T00:03:38","modified_gmt":"2025-11-03T23:03:38","slug":"screening-kit","status":"publish","type":"page","link":"https:\/\/menopause.film\/index.php\/de\/screening-kit\/","title":{"rendered":"SCREENING KIT"},"content":{"rendered":"\n<div class=\"wp-block-cover alignfull has-custom-content-position is-position-top-center wp-duotone-rgb000-3b3b3b-2\" style=\"padding-right:5vw;padding-left:5vw\"><img loading=\"lazy\" decoding=\"async\" width=\"900\" height=\"406\" class=\"wp-block-cover__image-background wp-image-1022 size-full\" alt=\"\" src=\"https:\/\/menopause.film\/wp-content\/uploads\/2025\/10\/Brainscan.png\" data-object-fit=\"cover\" srcset=\"https:\/\/menopause.film\/wp-content\/uploads\/2025\/10\/Brainscan.png 900w, https:\/\/menopause.film\/wp-content\/uploads\/2025\/10\/Brainscan-300x135.png 300w, https:\/\/menopause.film\/wp-content\/uploads\/2025\/10\/Brainscan-768x346.png 768w\" sizes=\"auto, (max-width: 900px) 100vw, 900px\" \/><span aria-hidden=\"true\" class=\"wp-block-cover__background has-background-dim-20 has-background-dim wp-block-cover__gradient-background has-background-gradient\" style=\"background:linear-gradient(135deg,rgb(5,144,224) 0%,rgb(155,81,224) 100%)\"><\/span><div class=\"wp-block-cover__inner-container is-layout-flow wp-block-cover-is-layout-flow\"><h2 class=\"wp-block-post-title\">SCREENING KIT<\/h2>\n\n\n<div style=\"height:24px\" aria-hidden=\"true\" class=\"wp-block-spacer\"><\/div>\n\n\n\n<div class=\"wp-block-columns is-layout-flex wp-container-core-columns-is-layout-28f84493 wp-block-columns-is-layout-flex\">\n<div class=\"wp-block-column is-layout-flow wp-block-column-is-layout-flow\">\n<h2 class=\"wp-block-heading alignwide has-text-align-left has-xx-large-font-size\" style=\"letter-spacing:0px;line-height:1;text-transform:uppercase\">Event<\/h2>\n\n\n\n<h2 class=\"wp-block-heading alignwide has-text-align-left has-xx-large-font-size\" style=\"letter-spacing:0px;line-height:1;text-transform:uppercase\">Screen<wbr>ing <\/h2>\n\n\n\n<p class=\"has-text-align-left is-style-default has-large-font-size\" style=\"border-style:none;border-width:0px;border-radius:0px\">Der Film kann in den eigenen R\u00e4umlichkeiten gezeigt werden. Ideal f\u00fcr Firmenveranstaltungen, HR-Events oder interne Workshops, um das Thema Menopause sichtbar zu machen und Diskussionen anzusto\u00dfen.<\/p>\n\n\n\n<div style=\"height:24px\" aria-hidden=\"true\" class=\"wp-block-spacer\"><\/div>\n<\/div>\n\n\n\n<div class=\"wp-block-column is-layout-flow wp-block-column-is-layout-flow\">\n<h2 class=\"wp-block-heading alignwide has-text-align-left has-xx-large-font-size\" style=\"letter-spacing:0px;line-height:1;text-transform:uppercase\">KINO<\/h2>\n\n\n\n<h2 class=\"wp-block-heading alignwide has-text-align-left has-xx-large-font-size\" style=\"letter-spacing:0px;line-height:1;text-transform:uppercase\">SCREEN<wbr>ING<\/h2>\n\n\n\n<p class=\"is-style-default has-large-font-size\" style=\"border-style:none;border-width:0px;border-radius:0px\">Du m\u00f6chtest den Film in einer Gruppe schauen und f\u00fcllst damit ein Kino. Sprich uns an f\u00fcr Kinobuchungen in deiner Stadt!<\/p>\n\n\n\n<div style=\"height:24px\" aria-hidden=\"true\" class=\"wp-block-spacer\"><\/div>\n<\/div>\n\n\n\n<div class=\"wp-block-column is-layout-flow wp-block-column-is-layout-flow\">\n<h2 class=\"wp-block-heading alignwide has-text-align-left has-xx-large-font-size\" style=\"letter-spacing:0px;line-height:1;text-transform:uppercase\">EXPERT<wbr>INNEN <\/h2>\n\n\n\n<h2 class=\"wp-block-heading alignwide has-text-align-left has-xx-large-font-size\" style=\"letter-spacing:0px;line-height:1;text-transform:uppercase\">SCREEN<wbr>ING<\/h2>\n\n\n\n<p class=\"has-text-align-left is-style-default has-large-font-size\" style=\"border-style:none;border-width:0px;border-radius:0px\">Wir arbeiten mit Multiplikatorinnen in ganz Deutschland. Bucht \u00fcber uns eine Expertin, die den Film anschlie\u00dfend an eine Vorf\u00fchrung mit den Zuschauer:innen diskutiert.<\/p>\n\n\n\n<div style=\"height:24px\" aria-hidden=\"true\" class=\"wp-block-spacer\"><\/div>\n<\/div>\n<\/div>\n\n\n\n<div class=\"wp-block-buttons is-content-justification-center is-layout-flex wp-container-core-buttons-is-layout-a89b3969 wp-block-buttons-is-layout-flex\">\n<div class=\"wp-block-button is-style-outline is-style-outline--1\"><a class=\"wp-block-button__link has-large-font-size has-custom-font-size wp-element-button\" href=\"mailto:info@riseandshine-cinema.de\">Kontaktiere uns<\/a><\/div>\n<\/div>\n\n\n\n<div style=\"height:24px\" aria-hidden=\"true\" class=\"wp-block-spacer\"><\/div>\n<\/div><\/div>\n","protected":false},"excerpt":{"rendered":"","protected":false},"author":3,"featured_media":0,"parent":0,"menu_order":0,"comment_status":"closed","ping_status":"closed","template":"page-no-title","meta":{"footnotes":""},"class_list":["post-23","page","type-page","status-publish","hentry"],"_links":{"self":[{"href":"https:\/\/menopause.film\/index.php\/wp-json\/wp\/v2\/pages\/23","targetHints":{"allow":["GET"]}}],"collection":[{"href":"https:\/\/menopause.film\/index.php\/wp-json\/wp\/v2\/pages"}],"about":[{"href":"https:\/\/menopause.film\/index.php\/wp-json\/wp\/v2\/types\/page"}],"author":[{"embeddable":true,"href":"https:\/\/menopause.film\/index.php\/wp-json\/wp\/v2\/users\/3"}],"replies":[{"embeddable":true,"href":"https:\/\/menopause.film\/index.php\/wp-json\/wp\/v2\/comments?post=23"}],"version-history":[{"count":85,"href":"https:\/\/menopause.film\/index.php\/wp-json\/wp\/v2\/pages\/23\/revisions"}],"predecessor-version":[{"id":1755,"href":"https:\/\/menopause.film\/index.php\/wp-json\/wp\/v2\/pages\/23\/revisions\/1755"}],"wp:attachment":[{"href":"https:\/\/menopause.film\/index.php\/wp-json\/wp\/v2\/media?parent=23"}],"curies":[{"name":"wp","href":"https:\/\/api.w.org\/{rel}","templated":true}]}}