{"id":16,"date":"2025-10-13T12:14:45","date_gmt":"2025-10-13T10:14:45","guid":{"rendered":"https:\/\/menopause.film\/?page_id=16"},"modified":"2026-01-27T16:17:52","modified_gmt":"2026-01-27T15:17:52","slug":"film","status":"publish","type":"page","link":"https:\/\/menopause.film\/index.php\/de\/film\/","title":{"rendered":"FILM"},"content":{"rendered":"\n<div class=\"wp-block-cover alignfull has-custom-content-position is-position-top-center\" style=\"padding-right:5vw;padding-left:5vw\"><img loading=\"lazy\" decoding=\"async\" width=\"1500\" height=\"664\" class=\"wp-block-cover__image-background wp-image-1913 size-full\" alt=\"\" src=\"https:\/\/menopause.film\/wp-content\/uploads\/2026\/01\/hintergrund_rot.webp\" data-object-fit=\"cover\" srcset=\"https:\/\/menopause.film\/wp-content\/uploads\/2026\/01\/hintergrund_rot.webp 1500w, https:\/\/menopause.film\/wp-content\/uploads\/2026\/01\/hintergrund_rot-300x133.webp 300w, https:\/\/menopause.film\/wp-content\/uploads\/2026\/01\/hintergrund_rot-1024x453.webp 1024w, https:\/\/menopause.film\/wp-content\/uploads\/2026\/01\/hintergrund_rot-768x340.webp 768w\" sizes=\"auto, (max-width: 1500px) 100vw, 1500px\" \/><span aria-hidden=\"true\" class=\"wp-block-cover__background has-background-dim-0 has-background-dim\"><\/span><div class=\"wp-block-cover__inner-container is-layout-flow wp-block-cover-is-layout-flow\"><h2 class=\"wp-block-post-title\">FILM<\/h2>\n\n\n<div style=\"height:24px\" aria-hidden=\"true\" class=\"wp-block-spacer\"><\/div>\n\n\n\n<h2 class=\"wp-block-heading alignwide has-text-align-left has-xx-large-font-size\" style=\"letter-spacing:0px;line-height:1;text-transform:uppercase\">\u00dcBER DEN FILM<\/h2>\n\n\n\n<div style=\"height:24px\" aria-hidden=\"true\" class=\"wp-block-spacer\"><\/div>\n\n\n\n<div class=\"wp-block-columns is-layout-flex wp-container-core-columns-is-layout-28f84493 wp-block-columns-is-layout-flex\">\n<div class=\"wp-block-column is-layout-flow wp-block-column-is-layout-flow\">\n<p class=\"has-text-align-left is-style-default\">In MEIN NEUES ALTES ICH begibt sich die Filmemacherin Louise Unmack Kjeldsen auf eine emotionale Reise in das Mysterium der Menopause. Louise und andere betroffene Frauen aus aller Welt erz\u00e4hlen offen \u00fcber ihre Erlebnisse mit starken Symptomen der Menopause.&nbsp;<\/p>\n\n\n\n<p>Obwohl die H\u00e4lfte der Weltbev\u00f6lkerung die Menopause erlebt und viele Frauen darunter so leiden, dass ihr Alltag stark beeintr\u00e4chtigt ist, ist diese Lebensphase noch immer wenig erforscht. \u00dcber Jahrhunderte trugen historische Vorurteile dazu bei, dass viele Betroffene im Stillen litten und Wissen bis heute begrenzt ist.<\/p>\n<\/div>\n\n\n\n<div class=\"wp-block-column is-layout-flow wp-block-column-is-layout-flow\">\n<p class=\"is-style-default\">Nun suchen Forschende weltweit nach Antworten, um die Auswirkungen des \u00d6strogenr\u00fcckgangs auf K\u00f6rper und Gehirn zu ergr\u00fcnden.<\/p>\n\n\n\n<p>Warum haben vier von f\u00fcnf\u00a0Frauen\u00a0Hitzewallungen, mehr als ein Viertel Schlafst\u00f6rungen? Warum leider 41% unter Ged\u00e4chtnisproblemen? Warum hat die Altersgruppe 45-54 Jahre die h\u00f6chste Selbstmordrate? Wie h\u00e4ngen Menopause-Symptome mit dem dreifach h\u00f6heren Alzheimer-Risiko von Frauen und Depressionen zusammen? Welche M\u00f6glichkeiten gibt es, entgegen zu wirken?<\/p>\n\n\n\n<p class=\"is-style-default\">MEIN NEUES ALTES ICH bricht Tabus, deckt Mythen und Fehlinformationen auf und r\u00fcckt die Menopause in ein neues Licht.&nbsp;<\/p>\n<\/div>\n<\/div>\n\n\n\n<div style=\"height:24px\" aria-hidden=\"true\" class=\"wp-block-spacer\"><\/div>\n<\/div><\/div>\n\n\n\n<p><\/p>\n","protected":false},"excerpt":{"rendered":"","protected":false},"author":3,"featured_media":0,"parent":0,"menu_order":0,"comment_status":"closed","ping_status":"closed","template":"page-no-title","meta":{"footnotes":""},"class_list":["post-16","page","type-page","status-publish","hentry"],"_links":{"self":[{"href":"https:\/\/menopause.film\/index.php\/wp-json\/wp\/v2\/pages\/16","targetHints":{"allow":["GET"]}}],"collection":[{"href":"https:\/\/menopause.film\/index.php\/wp-json\/wp\/v2\/pages"}],"about":[{"href":"https:\/\/menopause.film\/index.php\/wp-json\/wp\/v2\/types\/page"}],"author":[{"embeddable":true,"href":"https:\/\/menopause.film\/index.php\/wp-json\/wp\/v2\/users\/3"}],"replies":[{"embeddable":true,"href":"https:\/\/menopause.film\/index.php\/wp-json\/wp\/v2\/comments?post=16"}],"version-history":[{"count":175,"href":"https:\/\/menopause.film\/index.php\/wp-json\/wp\/v2\/pages\/16\/revisions"}],"predecessor-version":[{"id":1915,"href":"https:\/\/menopause.film\/index.php\/wp-json\/wp\/v2\/pages\/16\/revisions\/1915"}],"wp:attachment":[{"href":"https:\/\/menopause.film\/index.php\/wp-json\/wp\/v2\/media?parent=16"}],"curies":[{"name":"wp","href":"https:\/\/api.w.org\/{rel}","templated":true}]}}